iple of 1932?
True
Is 93277036 a multiple of 438?
False
Is 2810961715 a multiple of 153?
False
Does 7 divide 1859688?
False
Does 723 divide 107890398?
True
Does 73 divide 8637141?
True
Is 2758 a factor of 137182920?
True
Is 4796 a factor of 390354516?
False
Is 152770358 a multiple of 16?
False
Is 682323754 a multiple of 23?
False
Is 25807784 a multiple of 314?
False
Is 1311578268 a multiple of 548?
True
Is 458228019 a multiple of 31?
True
Is 3005233472 a multiple of 7313?
True
Does 44 divide 1357695636?
True
Is 455709269 a multiple of 138?
False
Is 226759514 a multiple of 3017?
False
Is 92 a factor of 15105388?
True
Is 561810203 a multiple of 18?
False
Does 46 divide 28403804?
True
Is 46 a factor of 3087336?
True
Is 129 a factor of 441143056?
False
Does 146 divide 24477563?
False
Does 17 divide 36527322?
True
Is 213345603 a multiple of 205?
False
Does 53 divide 21954349?
True
Does 413 divide 826893495?
False
Is 1587620685 a multiple of 13?
False
Is 6 a factor of 565760226?
True
Does 385 divide 53828823?
False
Is 497328 a multiple of 797?
True
Is 692674730 a multiple of 8838?
False
Is 8640238 a multiple of 30?
False
Does 19 divide 131694653?
False
Is 6258 a factor of 392651952?
True
Does 92 divide 58022723?
False
Is 61821240 a multiple of 2990?
True
Is 889018627 a multiple of 6503?
True
Does 17 divide 87332315?
True
Is 7 a factor of 144782321?
False
Is 9 a factor of 7679218?
False
Is 746178829 a multiple of 11?
True
Is 3034 a factor of 260086616?
True
Does 109 divide 5177835?
False
Is 243380927 a multiple of 33?
False
Does 1782 divide 51673613?
False
Is 74 a factor of 40292153?
False
Does 1153 divide 4304800818?
False
Does 62 divide 305211025?
False
Does 176 divide 29087344?
True
Is 3191396 a multiple of 26?
True
Does 7 divide 23383780?
True
Is 866 a factor of 7392602?
False
Does 555 divide 287179570?
False
Is 13 a factor of 4699142?
False
Does 28 divide 19547528?
True
Is 719994240 a multiple of 30?
True
Does 9 divide 6166428354?
True
Is 968478168 a multiple of 310?
False
Is 11372486 a multiple of 3?
False
Is 21773918 a multiple of 13?
False
Does 72 divide 538734098?
False
Is 26220150 a multiple of 4950?
True
Is 244513575 a multiple of 333?
True
Is 200128579 a multiple of 1277?
False
Is 1323279221 a multiple of 2124?
False
Does 12 divide 1155744?
True
Is 156702587 a multiple of 30?
False
Is 20 a factor of 6111367580?
True
Is 84 a factor of 191133634?
False
Is 1791336 a multiple of 10?
False
Does 3 divide 176866363?
False
Is 45725958 a multiple of 6?
True
Does 16 divide 388397181?
False
Is 111842127 a multiple of 1223?
True
Is 28 a factor of 31880239?
False
Is 295 a factor of 3126719455?
True
Does 13 divide 44605245?
False
Does 2 divide 57679784?
True
Is 2337349432 a multiple of 60?
False
Does 6 divide 35319159?
False
Is 27 a factor of 22918839?
False
Does 19 divide 109203649?
False
Does 2654 divide 3168008142?
True
Does 1765 divide 1047813430?
True
Is 26259900 a multiple of 51?
True
Is 3 a factor of 27022854?
True
Does 16 divide 939447?
False
Is 320262050 a multiple of 11?
False
Is 143 a factor of 470108639?
True
Does 229 divide 3346881716?
True
Is 849426377 a multiple of 1879?
True
Is 1000536588 a multiple of 5?
False
Is 24 a factor of 27411245?
False
Is 13 a factor of 2710585?
False
Is 1174439738 a multiple of 29?
True
Is 72 a factor of 163978632?
True
Does 467 divide 1202306813?
False
Is 9 a factor of 13412727?
True
Does 61 divide 103172472?
True
Does 381 divide 1611716106?
True
Is 4458427702 a multiple of 6501?
False
Is 18 a factor of 207237834?
True
Is 26 a factor of 2887566?
False
Does 414 divide 1060324794?
True
Does 11 divide 107068355?
False
Does 7592 divide 1143593723?
False
Is 174838650 a multiple of 5195?
False
Is 259 a factor of 219693051?
False
Does 84 divide 173465292?
True
Does 13 divide 300226451?
False
Is 550753594 a multiple of 27?
False
Is 16 a factor of 1125890192?
True
Is 23 a factor of 630399373?
False
Is 49118196 a multiple of 188?
True
Is 425424780 a multiple of 186?
True
Is 12 a factor of 7904064?
True
Is 1126 a factor of 25218209?
False
Is 196 a factor of 652963220?
True
Does 23 divide 18275156?
True
Is 820660040 a multiple of 107?
True
Is 47771612 a multiple of 22?
False
Is 2213763018 a multiple of 2346?
True
Does 411 divide 3317671?
False
Is 454901967 a multiple of 31?
True
Does 9 divide 93220486?
False
Is 59 a factor of 2103475080?
True
Is 1457 a factor of 206321399?
True
Does 16 divide 9195382?
False
Does 493 divide 1882243326?
False
Is 18309822 a multiple of 7?
False
Is 110953708 a multiple of 334?
False
Does 15 divide 77822955?
True
Is 875000500 a multiple of 1265?
True
Is 117 a factor of 1256226472?
False
Is 2575504 a multiple of 2?
True
Is 1932975904 a multiple of 47?
False
Is 771597274 a multiple of 19?
False
Does 141 divide 17041779?
False
Does 1966 divide 4272118?
True
Is 4167713 a multiple of 211?
False
Does 752 divide 560082186?
False
Is 19 a factor of 959784?
False
Is 1805544 a multiple of 216?
True
Does 8 divide 51347148?
False
Is 1296228647 a multiple of 707?
True
Is 7233387 a multiple of 679?
True
Does 454 divide 507902296?
False
Is 31131607 a multiple of 1073?
False
Does 710 divide 23652940?
True
Does 19 divide 59069323?
False
Is 406 a factor of 521036040?
True
Does 2800 divide 12191200?
True
Is 17 a factor of 86814410?
True
Is 107845037 a multiple of 71?
False
Is 120 a factor of 26511240?
True
Is 3890804 a multiple of 143?
False
Is 48 a factor of 17305576?
False
Is 311 a factor of 4377611?
False
Is 4178794688 a multiple of 21?
False
Is 4 a factor of 141251492?
True
Is 187 a factor of 300441306?
True
Does 325 divide 908337831?
False
Is 3116149766 a multiple of 52?
False
Does 228 divide 1523162208?
True
Does 237 divide 83396678?
False
Does 12932 divide 2463959824?
True
Is 441330309 a multiple of 21?
True
Does 2696 divide 11959456?
True
Does 92 divide 23478768?
True
Does 657 divide 714458726?
False
Does 1232 divide 258560426?
False
Is 19145575 a multiple of 27?
False
Is 24 a factor of 11050848?
True
Is 79302108 a multiple of 12?
True
Is 29 a factor of 130391236?
False
Is 1830 a factor of 13313715?
False
Does 13 divide 6641257442?
False
Does 9358 divide 2065086008?
True
Is 4014 a factor of 297440554?
False
Is 5 a factor of 29481544?
False
Is 1485400074 a multiple of 7510?
False
Is 2087 a factor of 59705549?
False
Does 9 divide 447158800?
False
Does 20 divide 13154740?
True
Is 20563375 a multiple of 331?
True
Is 13383819 a multiple of 87?
True
Does 25 divide 25152082?
False
Is 70 a factor of 113432690?
True
Does 2952 divide 778163773?
False
Is 711 a factor of 1523784543?
False
Is 59327532 a multiple of 44?
True
Is 3309 a factor of 91560030?
True
Does 93 divide 891068991?
True
Is 48 a factor of 10502656?
False
Does 8 divide 408738503?
False
Is 1863082650 a multiple of 975?
True
Does 25 divide 2377438069?
False
Is 32 a factor of 2436273?
False
Is 2440106 a multiple of 311?
True
Is 170134776 a multiple of 918?
True
Is 182 a factor of 278994435?
False
Does 50 divide 340913579?
False
Does 1229 divide 241652226?
False
Does 13 divide 23959240?
False
Is 45 a factor of 36120195?
True
Is 362839047 even?
False
Is 339517194 a multiple of 5?
False
Is 377146758 a multiple of 191?
False
Is 386 a factor of 270826478?
True
Is 16 a factor of 112134748?
False
Is 1214977560 a multiple of 355?
True
Does 4499 divide 420928365?
False
Does 2 divide 20000053?
False
Is 552340285 a multiple of 17?
True
Is 278089046 a multiple of 11?
False
Is 48865770 a multiple of 621?
False
Does 98 divide 350570440?
False
Does 173 divide 65033479?
False
Does 12 divide 996685906?
False
Is 4 a factor of 167833520?
True
Is 2207 a factor of 1224364148?
True
Is 29905862 a multiple of 4295?
False
Does 19 divide 8621516?
True
Is 169754332 a multiple of 4?
True
Is 217 a factor of 191148325?
False
Is 8480571 a multiple of 7?
False
Is 15420402 a multiple of 87?
True
Is 70 a factor of 117119310?
True
Does 6080 divide 512379840?
True
Is 2539137 a multiple of 3?
True
Is 9 a factor of 68148873?
True
Is 140708308 a multiple of 2295?
False
Is 10367687 a multiple of 15?
False
Does 197 divide 199276138?
True
Is 75003789 a multiple of 17?
False
Is 2 a factor of 46971804?
True
Does 84 divide 170706732?
True
Is 18 a factor of 8290650?
False
Is 1262016195 a multi